at is the ten millions digit of 952644918?
5
What is the ten millions digit of 35060007?
3
What is the ten millions digit of 124271571?
2
What is the tens digit of 284425600?
0
What is the units digit of 39289684?
4
What is the hundred millions digit of 113438438?
1
What is the hundred millions digit of 492193081?
4
What is the thousands digit of 1319328657?
8
What is the units digit of 34141104?
4
What is the ten millions digit of 49175000?
4
What is the tens digit of 840505255?
5
What is the units digit of 25231146?
6
What is the thousands digit of 554993207?
3
What is the hundreds digit of 84297879?
8
What is the hundreds digit of 1115802423?
4
What is the ten millions digit of 125676996?
2
What is the ten thousands digit of 646173342?
7
What is the units digit of 104702074?
4
What is the hundred millions digit of 387484433?
3
What is the hundred thousands digit of 1157532309?
5
What is the thousands digit of 4121404?
1
What is the ten millions digit of 268909345?
6
What is the millions digit of 467377787?
7
What is the units digit of 450430050?
0
What is the hundred thousands digit of 7871014718?
0
What is the ten thousands digit of 191357522?
5
What is the millions digit of 285492748?
5
What is the hundreds digit of 3102160794?
7
What is the tens digit of 62231918?
1
What is the millions digit of 17325870?
7
What is the ten millions digit of 485339981?
8
What is the ten thousands digit of 1524887?
2
What is the hundred millions digit of 432368387?
4
What is the tens digit of 366982929?
2
What is the hundred millions digit of 2954492843?
9
What is the hundred thousands digit of 709814714?
8
What is the thousands digit of 25800032?
0
What is the thousands digit of 41550917?
0
What is the units digit of 1035895498?
8
What is the ten thousands digit of 1720311897?
1
What is the hundred thousands digit of 192824376?
8
What is the ten thousands digit of 71586689?
8
What is the billions digit of 1526145420?
1
What is the units digit of 882485925?
5
What is the millions digit of 2931882362?
1
What is the tens digit of 55075732?
3
What is the tens digit of 96048685?
8
What is the ten thousands digit of 2169815713?
1
What is the units digit of 438275505?
5
What is the millions digit of 2972901220?
2
What is the hundred millions digit of 2944104768?
9
What is the hundred millions digit of 486978963?
4
What is the hundreds digit of 313729705?
7
What is the thousands digit of 710736529?
6
What is the hundred millions digit of 698949449?
6
What is the hundreds digit of 73617584?
5
What is the units digit of 243904876?
6
What is the hundreds digit of 46882127?
1
What is the hundred thousands digit of 576565662?
5
What is the ten thousands digit of 141202796?
0
What is the units digit of 11504137?
7
What is the hundreds digit of 75420325?
3
What is the millions digit of 4074137279?
4
What is the hundred thousands digit of 2326694106?
6
What is the ten thousands digit of 2021716227?
1
What is the thousands digit of 213100347?
0
What is the hundred millions digit of 449496699?
4
What is the hundred millions digit of 2838372215?
8
What is the millions digit of 3599368742?
9
What is the thousands digit of 115494085?
4
What is the ten millions digit of 51423302?
5
What is the millions digit of 39313668?
9
What is the ten thousands digit of 36514679?
1
What is the billions digit of 2662750384?
2
What is the ten millions digit of 11442544?
1
What is the thousands digit of 43276908?
6
What is the hundreds digit of 59658265?
2
What is the ten millions digit of 123703028?
2
What is the millions digit of 2505835876?
5
What is the millions digit of 493139901?
3
What is the thousands digit of 1406753180?
3
What is the hundreds digit of 36551553?
5
What is the hundred millions digit of 1586189029?
5
What is the hundreds digit of 1275289514?
5
What is the tens digit of 2126030838?
3
What is the thousands digit of 2799199218?
9
What is the ten thousands digit of 5987496845?
9
What is the units digit of 989259274?
4
What is the ten thousands digit of 617890798?
9
What is the thousands digit of 153810438?
0
What is the ten millions digit of 1029405629?
2
What is the hundred thousands digit of 576889849?
8
What is the thousands digit of 525022476?
2
What is the ten millions digit of 15912867?
1
What is the millions digit of 39725783?
9
What is the units digit of 2943235803?
3
What is the ten thousands digit of 1505236949?
3
What is the units digit of 5315874?
4
What is the millions digit of 63888397?
3
What is the millions digit of 2915417963?
5
What is the units digit of 399083517?
7
What is the hundreds digit of 93330032?
0
What is the ten millions digit of 61270700?
6
What is the hundreds digit of 589392990?
9
What is the hundreds digit of 121672422?
4
What is the tens digit of 2746565728?
2
What is the units digit of 3498946108?
8
What is the ten thousands digit of 469270623?
7
What is the tens digit of 10565558?
5
What is the billions digit of 2777438380?
2
What is the millions digit of 1496086024?
6
What is the tens digit of 450288696?
9
What is the hundred thousands digit of 41543903?
5
What is the thousands digit of 696911919?
1
What is the millions digit of 112715200?
2
What is the billions digit of 1895162658?
1
What is the hundred millions digit of 300678755?
3
What is the hundreds digit of 310772780?
7
What is the ten millions digit of 136074248?
3
What is the hundreds digit of 177665?
6
What is the thousands digit of 121473762?
3
What is the hundred thousands digit of 170380629?
3
What is the millions digit of 119936317?
9
What is the units digit of 1647236131?
1
What is the ten millions digit of 321780853?
2
What is the thousands digit of 24975832?
5
What is the hundreds digit of 23030200?
2
What is the billions digit of 3465194488?
3
What is the millions digit of 101824168?
1
What is the units digit of 48758800?
0
What is the thousands digit of 711743040?
3
What is the hundred thousands digit of 162695269?
6
What is the tens digit of 31382364?
6
What is the ten thousands digit of 255832704?
3
What is the thousands digit of 106038290?
8
What is the hundred thousands digit of 1072592894?
5
What is the billions digit of 1769847177?
1
What is the thousands digit of 121450531?
0
What is the millions digit of 175351885?
5
What is the billions digit of 2874759509?
2
What is the ten millions digit of 1266792406?
6
What is the ten millions digit of 73352444?
7
What is the tens digit of 6760591?
9
What is the hundreds digit of 3039303282?
2
What is the thousands digit of 107115524?
5
What is the hundred thousands digit of 1577762214?
7
What is the hundred thousands digit of 1019632980?
6
What is the hundreds digit of 2504190277?
2
What is the millions digit of 716681797?
6
What is the thousands digit of 14688667?
8
What is the ten millions digit of 29145908?
2
What is the millions digit of 1183514294?
3
What is the hundreds digit of 4452244112?
1
What is the ten millions digit of 55965644?
5
What is the millions digit of 321563591?
1
What is the hundred thousands digit of 32490143?
4
What is the hundreds digit of 195304370?
3
What is the tens digit of 39124113?
1
What is the ten thousands digit of 150649823?
4
What is the ten thousands digit of 2674561139?
6
What is the millions digit of 2510306448?
0
What is the thousands digit of 38538452?
8
What is the tens digit of 34927196?
9
What is the ten thousands digit of 553028134?
2
What is the ten thousands digit of 86445519?
4
What is the thousands digit of 56392914?
2
What is the units digit of 50967747?
7
What is the units digit of 204783025?
5
What is the hundreds digit of 7246067?
0
What is the ten millions digit of 2429029054?
2
What is the ten millions digit of 1534534903?
3
What is the hundreds digit of 982526006?
0
What is the millions digit of 2272818336?
2
What is the thousands digit of 84910008?
0
What is the ten thousands digit of 1352997925?
9
What is the units digit of 205382953?
3
What is the units digit of 598819728?
8
What is the hundreds digit of 3110506?
5
What is the millions digit of 1938425192?
8
What is the units digit of 677239508?
8
What is the ten millions digit of 683038763?
8
What is the ten millions digit of 1971845671?
7
What is the ten thousands digit of 896688433?
8
What is the ten th